 -99 = -2*p + 5*l, 3*p - 3*l - i = -2*l. What is the remainder when p is divided by -9*(20/6)/(-1)?
27
Suppose -81 = -2*v - 5*n, 87*n - 91*n = -2*v + 36. Suppose l = 3*l - 20. Calculate the remainder when v is divided by l.
8
Let v be (-3 + 2)*-12*1. Let w = v + -5. Suppose 84 = 5*r - 2*l, 5*l = -w*r + 2*r + 105. Calculate the remainder when 53 is divided by r.
17
Let c(j) = 3*j - 15. Let a be c(6). Suppose -a*k = -4*k. Suppose k*d - 3 = -d. Calculate the remainder when 7 is divided by d.
1
Let h(y) = y**3 - 26*y**2 + 30*y - 21. What is the remainder when h(25) is divided by 21?
20
Calculate the remainder when 1*(-1)/(-2)*(-6 - -108) is divided by 6.
3
Let v(y) = y**2 - 20*y + 150. Calculate the remainder when 137 is divided by v(10).
37
Let c(r) = 7 + 2*r**2 + 6*r**2 - 4*r - 3 + 9*r. What is the remainder when c(-1) is divided by 4?
3
Let a = -945 - -1000. Calculate the remainder when 154 is divided by a.
44
Let t = -2126 + 2153. Calculate the remainder when 535 is divided by t.
22
Let l(k) = -k**3 - 4*k**2 + 8*k - 6. What is the remainder when l(-6) is divided by 10?
8
Calculate the remainder when 173 is divided by 28*((-1755)/(-52))/15.
47
Let d be (-145)/(-45) - -7 - 2/9. Suppose -d*z = -2*z - 712. What is the remainder when z is divided by 23?
20
Suppose -3 + 8 = 5*c. Let r be (-6 - -14)*(c - -1). What is the remainder when 33 is divided by (-3)/3 + 3 + r?
15
Suppose -5*y + 6 = x, -2*x + y + 4*y = -12. Suppose 0 = -2*u + 3*b + x, 5*u + b - 18 = 14. What is the remainder when 35 is divided by u?
5
Let b(n) = -5*n**3 - 4*n**2 - 7*n - 5. Calculate the remainder when 790 is divided by b(-2).
31
Suppose -h = -57 + 9. Let y = -151 + 162. Calculate the remainder when h is divided by y.
4
Let j(o) = o**2 - 6*o - 25. What is the remainder when j(-9) is divided by 38?
34
Let w(m) = -m**2 - 6 + 9*m + 2*m**2 + 6 + 6. Let a be w(-8). Let s(y) = -7*y + 1. What is the remainder when 29 is divided by s(a)?
14
Suppose 1 - 1 = 2*h. Suppose h = l + 3*l - 348. Calculate the remainder when l is divided by 22.
21
Let f = -73 - -95. What is the remainder when 62 is divided by f?
18
Suppose 4*w + 239 = 5*v + 8*w, 0 = 3*v + 4*w - 145. What is the remainder when v is divided by 19?
9
Suppose 4*b - 22 = 3*r - 66, 65 = 5*r - 5*b. What is the remainder when 48 is divided by ((-30)/r)/(-6*(-2)/(-80))?
23
Let l(a) = a**2 - 17*a + 5. Let o be l(17). Suppose 0 = -c + 3*f + 4, -5*f = -o*c + c + 2. Let s = c - -13. Calculate the remainder when 20 is divided by s.
9
Suppose 4*l - 4*b - 320 = 0, 539 = 5*l + 4*b + 130. Calculate the remainder when l is divided by 14.
11
Let g be ((-114)/8)/((-2)/8). Suppose -67*n + 72*n = 20. Suppose u - g = -4*p, 0 = -n*u - p - p + 228. What is the remainder when u is divided by 29?
28
Suppose 0*j - 24 = 3*j. Calculate the remainder when 11 is divided by (4/(-3))/(j/36).
5
Suppose -19*k = -9*k - 40. Calculate the remainder when 10 is divided by k.
2
Suppose 7*q = 3*q + 264. Suppose 5*p - 2*z - q = 0, -z - 26 = -2*p - 0*z. Let j = -101 + 154. What is the remainder when j is divided by p?
11
Let n be -6 + 3 - (-44 - 1). Let d = 54 - n. Calculate the remainder when 44 is divided by d.
8
Let m(x) = -x**2 + 10*x - 5. Let q be 48/(-3)*1/(-2). Suppose -3*a = -2*v + 45, 0 = -2*v - 2*a - 3*a + 85. What is the remainder when v is divided by m(q)?
8
Let x be ((-46)/(-4))/(6/(-36)*-3). Calculate the remainder when (-3 - x/(-7)) + (-369)/(-7) is divided by 27.
26
Suppose 0 = -0*o + 2*o. Suppose -x = 3*s + 7, 3*x + 5*s + 5 = -o*x. Suppose -r + 2*r - 2*p = 19, -x*p = -r + 25. What is the remainder when 26 is divided by r?
11
Calculate the remainder when 165 is divided by -3 - 69*12/(-18).
36
Suppose -8*z - 15 + 447 = 0. Suppose -34 = -n + z. Suppose -5*q = 3*o - 90, -4*q - 4*o + 93 = 21. What is the remainder when n is divided by q?
16
Suppose 0 = 5*n + 24*n - 232. What is the remainder when 61 is divided by n?
5
Let l(x) = -x**2 + 14*x - 21. Suppose 2*i - 45 = 5*r, 4*r + 25 = -r. What is the remainder when l(6) is divided by i?
7
What is the remainder when 90 is divided by (-23)/((-1)/2*(5 - 4))?
44
Suppose 70*j - 71*j + 1 = 0. Calculate the remainder when 6 is divided by j.
0
Let v(j) = -2*j**3 - j**2 + 2*j + 2. Let z(b) = 3*b - 54. Calculate the remainder when v(-2) is divided by z(19).
1
Suppose -g = 3*g. Let o = g + 22. Calculate the remainder when 85 is divided by o.
19
Let v = 28 + -13. Let i be ((-435)/12 - -4)/((-2)/8). Suppose -i - 161 = -5*k. Calculate the remainder when k is divided by v.
13
Let h(r) = -r + 13. Let o be 42/10 - (-6)/(-30). Suppose o*p = 3*z + 80, 0*z + 4 = z. Calculate the remainder when p is divided by h(0).
10
Suppose 67 - 322 = -15*y. Suppose -g + 17 = -48. Calculate the remainder when g is divided by y.
14
Suppose -6*p = p - 21. Suppose -g - p*g = -3*d + 3, -4*d + 4*g + 8 = 0. What is the remainder when 15 is divided by d?
0
Suppose -4*j = u + 2*u + 2, 4*u + 4*j = -8. Let z(q) = -13*q + 9. Calculate the remainder when z(u) is divided by 18.
15
Suppose -4*m = 128 - 3004. What is the remainder when m is divided by 20?
19
Let l = 610 - 567. What is the remainder when 126 is divided by l?
40
Let o = -163 + 53. Let v = o + 120. Calculate the remainder when 15 is divided by v.
5
Let k = 297 - 210. Suppose -2*p + 5*x = -69, 5*p - 113 = p + 5*x. Calculate the remainder when k is divided by p.
21
Let i = -36 - -38. Suppose 3*b + 4 = 2*q, -2*q - i*b - b + 16 = 0. Suppose 2*x + 3*x = 90. What is the remainder when x is divided by q?
3
Let m(v) = 15*v + 14. Calculate the remainder when m(3) is divided by 12.
11
Let s = -46 - -99. Calculate the remainder when 100 is divided by s.
47
Suppose 4*o - 60 = -24. Calculate the remainder when 43 is divided by o.
7
Suppose 2 = 10*o - 8*o. What is the remainder when 25 is divided by ((-2)/4 + o)*(-8 - -28)?
5
Suppose 3210*y + 345 = 3213*y. Calculate the remainder when 229 is divided by y.
114
Suppose -6*t + t - 450 = 0. Let h be 2 - t/(-3 + 6). What is the remainder when 2 + (1 - 4) + h is divided by 8?
7
Suppose -315 = -20*r + 185. Calculate the remainder when 5/2*(1 + 37) is divided by r.
20
What is the remainder when 106 is divided by 410/8 + 765/(-612)?
6
Suppose -d = 3*q - 35, 2*d - 6*d + 75 = -q. Suppose -3*m - 31 = -4*u, 5*u - 14 = 3*m + 15. Let i = d + m. What is the remainder when 19 is divided by i?
5
What is the remainder when (-7)/((-65)/(-13) - (-46)/(-9)) is divided by 18?
9
Let v(b) = -b**2 + 9*b + 16. Let x be v(18). Let z = x + 262. What is the remainder when z is divided by 40?
36
Let c be (-3 - 1) + (2 - (0 - -3)). What is the remainder when 26 is divided by 1 + (1 - 0)/(c/(-45))?
6
Let t(o) = -2*o + 10. Let u(p) = -2*p + 43. Let q be u(14). Suppose q + 6 = 3*x. What is the remainder when t(-7) is divided by x?
3
Suppose 5*c = 50 + 315. Let g = 15 - 10. Suppose 34 = g*r - 61. Calculate the remainder when c is divided by r.
16
Let g(l) = 2*l - 21. Let t = 6 - 10. What is the remainder when 2/t - 134/(-4) is divided by g(19)?
16
Let x = 192 + -151. Calculate the remainder when 101 is divided by x.
19
Let i = 227 + -158. Suppose c - 2 = -3*c - 2*x, 0 = c - 3*x - 18. Suppose 3*o - 74 = -0*o + k, o = c*k + 30. Calculate the remainder when i is divided by o.
21
What is the remainder when (-2)/(((-21)/(-192))/(-7)) is divided by 65?
63
Let b(h) = h**2 - 27*h - 311. What is the remainder when 424 is divided by b(38)?
103
Let k be (-8)/(-10)*60/8. Let l(d) = -d**3 + 7*d**2 + d - 13. Calculate the remainder when 53 is divided by l(k).
24
Suppose -3*v + 3*k - 5*k = -119, 61 = 2*v + 5*k. Calculate the remainder when 169 is divided by v.
40
Let k(u) = 231*u**2 - 5*u - 4. Let m be k(-1). Calculate the remainder when 17 is divided by m/28 + -4 + 6/(-21).
1
Suppose -2*r - 3 = -9. Let k be 0 - 1*(27 + r). Let u = -22 - k. What is the remainder when 15 is divided by u?
7
What is the remainder when ((8520/32)/(-15))/((-1)/4) is divided by (-4)/((-8)/34) + 1?
17
Let j = 109 - -65. What is the remainder when j is divided by 35?
34
Let l(o) = 3*o**2 + o - 9. Let x be (18/36)/(2 - (-34)/(-16)). What is the remainder when 137 is divided by l(x)?
32
Let p(q) = -4*q - 3. Let w(x) = -2*x - 2. Let a(t) = 2*p(t) - 5*w(t). Let o be a(11). Calculate the remainder when 38 is divided by 1/(-3 - (-80)/o).
